 prime factors of 92294?
2, 46147
What are the prime factors of 417?
3, 139
List the prime factors of 9264.
2, 3, 193
What are the prime factors of 529?
23
List the prime factors of 23702.
2, 7, 1693
List the prime factors of 499.
499
What are the prime factors of 113?
113
What are the prime factors of 44482?
2, 23, 967
What are the prime factors of 992?
2, 31
What are the prime factors of 14304?
2, 3, 149
What are the prime factors of 6305?
5, 13, 97
List the prime factors of 158707.
19, 8353
What are the prime factors of 5176?
2, 647
List the prime factors of 3759.
3, 7, 179
What are the prime factors of 3604?
2, 17, 53
What are the prime factors of 4563?
3, 13
What are the prime factors of 2394?
2, 3, 7, 19
List the prime factors of 4836.
2, 3, 13, 31
What are the prime factors of 40527?
3, 19, 79
List the prime factors of 198847.
11, 18077
List the prime factors of 1353.
3, 11, 41
What are the prime factors of 38046?
2, 3, 17, 373
What are the prime factors of 43836?
2, 3, 13, 281
List the prime factors of 40694.
2, 20347
List the prime factors of 891.
3, 11
List the prime factors of 62544.
2, 3, 1303
List the prime factors of 170.
2, 5, 17
What are the prime factors of 12356?
2, 3089
What are the prime factors of 399?
3, 7, 19
List the prime factors of 1894.
2, 947
List the prime factors of 2835.
3, 5, 7
List the prime factors of 271.
271
What are the prime factors of 3184?
2, 199
What are the prime factors of 66?
2, 3, 11
What are the prime factors of 65294?
2, 32647
List the prime factors of 8327.
11, 757
List the prime factors of 2921.
23, 127
List the prime factors of 10866.
2, 3, 1811
List the prime factors of 11791.
13, 907
What are the prime factors of 24662?
2, 11, 19, 59
What are the prime factors of 11893?
7, 1699
What are the prime factors of 897?
3, 13, 23
List the prime factors of 44.
2, 11
List the prime factors of 66108.
2, 3, 7, 787
List the prime factors of 76325.
5, 43, 71
List the prime factors of 53262.
2, 3, 11, 269
List the prime factors of 1517.
37, 41
List the prime factors of 4674.
2, 3, 19, 41
What are the prime factors of 803?
11, 73
What are the prime factors of 6716?
2, 23, 73
List the prime factors of 910.
2, 5, 7, 13
What are the prime factors of 2880?
2, 3, 5
List the prime factors of 24075.
3, 5, 107
What are the prime factors of 249?
3, 83
What are the prime factors of 67571?
7, 197
List the prime factors of 902.
2, 11, 41
What are the prime factors of 76661?
13, 5897
What are the prime factors of 679?
7, 97
List the prime factors of 1025.
5, 41
List the prime factors of 2842.
2, 7, 29
What are the prime factors of 1202?
2, 601
What are the prime factors of 2834?
2, 13, 109
What are the prime factors of 130?
2, 5, 13
List the prime factors of 122.
2, 61
What are the prime factors of 338?
2, 13
List the prime factors of 256.
2
List the prime factors of 315.
3, 5, 7
What are the prime factors of 9076?
2, 2269
What are the prime factors of 2084?
2, 521
What are the prime factors of 1426?
2, 23, 31
What are the prime factors of 5077?
5077
List the prime factors of 2896.
2, 181
What are the prime factors of 26984?
2, 3373
List the prime factors of 5992.
2, 7, 107
List the prime factors of 13475.
5, 7, 11
What are the prime factors of 1479?
3, 17, 29
List the prime factors of 2723.
7, 389
List the prime factors of 30303.
3, 7, 13, 37
List the prime factors of 1137.
3, 379
What are the prime factors of 70433?
11, 19, 337
List the prime factors of 75621.
3, 7, 13, 277
What are the prime factors of 24756?
2, 3, 2063
List the prime factors of 9519.
3, 19, 167
What are the prime factors of 6674?
2, 47, 71
List the prime factors of 1676.
2, 419
List the prime factors of 938.
2, 7, 67
List the prime factors of 25124.
2, 11, 571
What are the prime factors of 42502?
2, 79, 269
What are the prime factors of 2989?
7, 61
List the prime factors of 860.
2, 5, 43
List the prime factors of 629.
17, 37
List the prime factors of 2785.
5, 557
List the prime factors of 4779.
3, 59
List the prime factors of 44646.
2, 3, 7, 1063
What are the prime factors of 21667?
47, 461
List the prime factors of 14555.
5, 41, 71
What are the prime factors of 213?
3, 71
What are the prime factors of 38247?
3, 11, 19, 61
What are the prime factors of 1191?
3, 397
What are the prime factors of 7343?
7, 1049
What are the prime factors of 37622?
2, 13, 1447
List the prime factors of 35114.
2, 97, 181
What are the prime factors of 8096?
2, 11, 23
List the prime factors of 5423.
11, 17, 29
List the prime factors of 6413.
11, 53
What are the prime factors of 1348?
2, 337
What are the prime factors of 33218?
2, 17, 977
What are the prime factors of 70851?
3, 11, 19, 113
What are the prime factors of 25675?
5, 13, 79
List the prime factors of 9719.
9719
List the prime factors of 1233.
3, 137
List the prime factors of 1145.
5, 229
What are the prime factors of 5761?
7, 823
What are the prime factors of 13519?
11, 1229
What are the prime factors of 4679?
4679
List the prime factors of 5992.
2, 7, 107
What are the prime factors of 5238?
2, 3, 97
What are the prime factors of 1337?
7, 191
List the prime factors of 7061.
23, 307
What are the prime factors of 79314?
2, 3, 13219
What are the prime factors of 172008?
2, 3, 2389
What are the prime factors of 9582?
2, 3, 1597
What are the prime factors of 30815?
5, 6163
List the prime factors of 31718.
2, 15859
What are the prime factors of 19?
19
List the prime factors of 584.
2, 73
What are the prime factors of 7772?
2, 29, 67
What are the prime factors of 366?
2, 3, 61
List the prime factors of 75.
3, 5
What are the prime factors of 16341?
3, 13, 419
What are the prime factors of 8529?
3, 2843
List the prime factors of 1226.
2, 613
What are the prime factors of 2043?
3, 227
List the prime factors of 6271.
6271
List the prime factors of 9736.
2, 1217
What are the prime factors of 2198?
2, 7, 157
List the prime factors of 816.
2, 3, 17
List the prime factors of 30178.
2, 79, 191
List the prime factors of 16311.
3, 5437
List the prime factors of 32261.
32261
What are the prime factors of 1532?
2, 383
What are the prime factors of 663?
3, 13, 17
What are the prime factors of 906?
2, 3, 151
List the prime factors of 2245.
5, 449
What are the prime factors of 135376?
2, 8461
List the prime factors of 2418.
2, 3, 13, 31
List the prime factors of 124463.
71, 1753
List the prime factors of 10539.
3, 1171
What are the prime factors of 112?
2, 7
What are the prime factors of 12591?
3, 1399
What are the prime factors of 88876?
2, 17, 1307
What are the prime factors of 2792?
2, 349
What are the prime factors of 4797?
3, 13, 41
List the prime factors of 500.
2, 5
List the prime factors of 1519.
7, 31
List the prime factors of 47048.
2, 5881
What are the prime factors of 1419?
3, 11, 43
List the prime factors of 558.
2, 3, 31
List the prime factors of 9899.
19, 521
List the prime factors of 175.
5, 7
List the prime factors of 8337.
3, 7, 397
List the prime factors of 2818.
2, 1409
List the prime factors of 3242.
2, 1621
List the prime factors of 9814.
2, 7, 701
List the prime factors of 493.
17, 29
List the prime factors of 6842.
2, 11, 311
List the prime factors of 21486.
2, 3, 3581
List the prime factors of 17312.
2, 541
What are the prime factors of 1399?
1399
What are the prime factors of 2720?
2, 5, 17
List the prime factors of 8851.
53, 167
List the prime factors of 15066.
2, 3, 31
What are the prime factors of 172083?
3, 19, 3019
What are the prime factors of 5111?
19, 269
List the prime factors of 2403.
3, 89
What are the prime factors of 8341?
19, 439
What are the prime factors of 11441?
17, 673
What are the prime factors of 846?
2, 3, 47
What are the prime factors of 10887?
3, 19, 191
What are the prime factors of 38215?
5, 7643
List the prime factors of 1657.
1657
What are the prime factors of 1686?
2, 3, 281
What are the prime factors of 12502?
2, 7, 19, 47
What are the prime factors of 769?
769
List the prime factors of 2505.
3, 5, 167
List the prime factors of 304.
2, 19
What are the prime factors of 24800?
2, 5, 31
List the prime factors of 7767.
3, 863
What are the prime factors of 75474?
2, 3, 7, 599
What are the prime factors of 637?
7, 13
List the prime factors of 56452.
2, 11, 1283
List the prime factor